?
True
Is 1990592557 prime?
True
Is 3779853391 prime?
False
Is 6038047903 a composite number?
True
Is 1219941449 prime?
True
Is 21128377 a prime number?
True
Is 2203731871 composite?
True
Is 143021591 a prime number?
False
Is 57268661869 a composite number?
False
Is 1762656127 prime?
False
Is 2477767559 prime?
True
Is 2021537279 composite?
False
Is 1577770741 a composite number?
False
Is 59352972223 composite?
True
Is 1340576659 composite?
False
Is 257761951 composite?
False
Is 1359117761 composite?
False
Is 546093127 a composite number?
False
Is 307656397 composite?
True
Is 1797643303 prime?
True
Is 7859464883 a composite number?
False
Is 53618275499 a composite number?
True
Is 495989913161 composite?
True
Is 110234871421 composite?
False
Is 585247813 a prime number?
True
Is 1108436621 prime?
False
Is 9342954661 prime?
True
Is 4383832121 a composite number?
False
Is 735476617 a prime number?
True
Is 2799008939 a prime number?
False
Is 897606497 prime?
True
Is 19928524241 a prime number?
True
Is 693414457 a prime number?
True
Is 2758390807 a composite number?
True
Is 7021442473 a composite number?
True
Is 1019160533 a composite number?
False
Is 4124033506 prime?
False
Is 388951463 a composite number?
False
Is 87855241 composite?
False
Is 15653081881 prime?
True
Is 58913929 composite?
False
Is 46799410871 a composite number?
False
Is 441137701 a prime number?
True
Is 4915190757 a prime number?
False
Is 2136015137 composite?
True
Is 66654341 prime?
False
Is 7498664039 a prime number?
False
Is 50432986421 prime?
True
Is 9405117977 composite?
True
Is 42834849623 prime?
True
Is 8079504047 a prime number?
True
Is 13845231131 composite?
False
Is 6991274401 a prime number?
True
Is 23677570877 a prime number?
True
Is 409024181 a composite number?
True
Is 1084465579 a composite number?
False
Is 45073338533 a prime number?
False
Is 1832462537 a composite number?
True
Is 186297480807 prime?
False
Is 18561791 composite?
False
Is 9695060069 a prime number?
True
Is 666360901 composite?
False
Is 4492443899 composite?
True
Is 3004045045 a composite number?
True
Is 21802636049 a prime number?
False
Is 9856594661 a composite number?
True
Is 24396485957 a composite number?
True
Is 9631537417 a composite number?
True
Is 43580767 a prime number?
True
Is 189593693 a composite number?
False
Is 4398590759 composite?
False
Is 403769011 a composite number?
True
Is 5655272359 a composite number?
True
Is 8800544765 prime?
False
Is 4911903817 a prime number?
False
Is 12327843767 prime?
False
Is 2887405691 composite?
False
Is 3020351561 prime?
False
Is 7674547061 a composite number?
False
Is 2648317591 a prime number?
True
Is 22237221553 a prime number?
True
Is 185151082613 a composite number?
True
Is 4166947753 composite?
False
Is 25472919946 a composite number?
True
Is 1466487961 a composite number?
True
Is 24077121437 a prime number?
False
Is 7945731583 a composite number?
False
Is 663342951 a prime number?
False
Is 489028369267 composite?
False
Is 5963730167 prime?
True
Is 432950800539 a prime number?
False
Is 1892088161 composite?
False
Is 751996673 a composite number?
True
Is 800290967 prime?
False
Is 122998125197 composite?
True
Is 51838864397 prime?
False
Is 3894044383 a composite number?
False
Is 1227913079 composite?
False
Is 5892715849 composite?
False
Is 969870101 a composite number?
False
Is 61419698881 a prime number?
True
Is 115284737147 a prime number?
True
Is 17596217447 composite?
True
Is 25169094449 a prime number?
True
Is 5996246981 prime?
False
Is 2335753481 a prime number?
True
Is 180628979 a composite number?
True
Is 62512166177 composite?
False
Is 109169503 a composite number?
True
Is 676015181 a prime number?
True
Is 24619780411 a composite number?
True
Is 8565923129 a prime number?
True
Is 1616082491 a composite number?
False
Is 278810401 a prime number?
True
Is 4691843077 composite?
True
Is 998269777 a composite number?
True
Is 20674415017 a prime number?
True
Is 49132540913 a prime number?
False
Is 48874411 a prime number?
False
Is 74467151971 a prime number?
False
Is 3267240499 composite?
False
Is 26354267666 prime?
False
Is 1998184603 a composite number?
True
Is 161389001 composite?
False
Is 48352943 composite?
True
Is 105623995817 prime?
True
Is 912104441 prime?
False
Is 91600960313 composite?
True
Is 5956622717 prime?
False
Is 196816749 prime?
False
Is 96600773587 a prime number?
False
Is 16564888073 a prime number?
False
Is 8182906931 a composite number?
False
Is 7549927771 prime?
True
Is 38008720447 a prime number?
True
Is 4982029079 composite?
False
Is 234851597 composite?
True
Is 900775619 composite?
True
Is 19669478597 prime?
False
Is 8664802873 composite?
False
Is 43541391499 composite?
False
Is 29802464077 composite?
False
Is 1680376927 composite?
True
Is 356144627 composite?
True
Is 6925805771 composite?
False
Is 40159198223 a prime number?
True
Is 2640343 a composite number?
False
Is 121093109 composite?
False
Is 4142401987 prime?
True
Is 839075219 a prime number?
True
Is 7122964621 a prime number?
False
Is 53348004719 a composite number?
True
Is 1236611063 composite?
False
Is 50763177119 composite?
True
Is 156844215479 composite?
True
Is 60733702063 a composite number?
False
Is 58147109414 a composite number?
True
Is 195820451 a prime number?
False
Is 65783617 a composite number?
False
Is 1570489367 a composite number?
False
Is 72269805539 composite?
True
Is 133588387 a composite number?
False
Is 53103338 a composite number?
True
Is 3052277083 prime?
True
Is 1494047211 a prime number?
False
Is 433505129 a prime number?
True
Is 3806373577 composite?
True
Is 675862763 composite?
True
Is 892396519 composite?
True
Is 1913021977 a prime number?
True
Is 190274159 a prime number?
True
Is 86273729 a composite number?
True
Is 31597506727 composite?
False
Is 6556157501 a composite number?
False
Is 114552467593 a prime number?
True
Is 1536563503 prime?
False
Is 3942220631 prime?
False
Is 16909079987 composite?
False
Is 8202642157 a prime number?
False
Is 47025743137 a prime number?
True
Is 3515343149 composite?
False
Is 263664668611 a composite number?
False
Is 814896211 composite?
False
Is 32270669993 composite?
True
Is 1796662321 composite?
False
Is 9271626521 prime?
True
Is 12495139883 prime?
True
Is 8226552729 composite?
True
Is 911421449 a composite number?
False
Is 205579007 composite?
False
Is 9886763209 composite?
False
Is 1163771539 a prime number?
False
Is 2996508895 prime?
False
Is 413648302 a composite number?
True
Is 2029648193 a composite number?
False
Is 1270995743 a composite number?
True
Is 29219043367 composite?
False
Is 125710913 composite?
False
Is 604324115 a composite number?
True
Is 25478076209 a prime number?
True
Is 85003809169 composite?
True
Is 11907199901 a prime number?
True
Is 21271072597 a composite number?
True
Is 30126741737 prime?
False
Is 4038645551 composite?
True
Is 6013702847 composite?
True
Is 11854159 composite?
False
Is 112149556817 a prime number?
True
Is 7765150549 prime?
False
Is 29906910361 prime?
False
Is 41791830061 composite?
False
Is 4805733407 a composite number?
True
Is 3950560273 prime?
False
Is 11251893277 composite?
False
Is 25538133979 a prime number?
False
Is 464304773 composite?
False
Is 64001373659 composite?
False
Is 115722693469 a prime number?
True
Is 2421931643 a prime number?
True
Is 6574686949 composite?
True
Is 30464630069 a composite number?
False
Is 7175374933 composite?
False
Is 100309091 composite?
False
Is 2985295889 prime?
False
Is 1382699719 a prime number?
True
Is 486390889 prime?
True
Is 5418836986 composite?
True
Is 1817528243 prime?
False
Is 2837928461 composite?
True
Is 831140341 composite?
True
Is 922858897 prime?
True
Is 203023798357 a composite number?
True
Is 12812227997 a prime number?
True
Is 372432302081 a composite number?
True
Is 781473991 composite?
True
Is 54711286891 a composite number?
False
Is 939400897 prime?
False
Is 738386681 prime?
True
Is 1910883547 prime?
True
Is 3219175207 a composite number?
False
Is 381968201 prime?
False
Is 21071764859 prime?
False
Is 1345563541 a prime number?
False
Is 1952347083 prime?
False
Is 179372239 composite?
True
Is 1005301079 a composite number?
False
Is 5325601793 prime?
True
Is 1061993761 a composite number?
Tr